{"id":11,"date":"2022-12-01T11:39:21","date_gmt":"2022-12-01T11:39:21","guid":{"rendered":"http:\/\/george2.univnt.ro\/?page_id=11"},"modified":"2023-04-28T06:05:53","modified_gmt":"2023-04-28T06:05:53","slug":"acasa","status":"publish","type":"page","link":"https:\/\/constant.univnt.ro\/","title":{"rendered":"Acas\u0103"},"content":{"rendered":"\t\t<div data-elementor-type=\"wp-page\" data-elementor-id=\"11\" class=\"elementor elementor-11\">\n\t\t\t\t\t\t\t\t\t<section class=\"elementor-section elementor-top-section elementor-element elementor-element-8a9b8b9 elementor-section-boxed elementor-section-height-default elementor-section-height-default\" data-id=\"8a9b8b9\" data-element_type=\"section\">\n\t\t\t\t\t\t<div class=\"elementor-container elementor-column-gap-default\">\n\t\t\t\t\t<div class=\"elementor-column elementor-col-100 elementor-top-column elementor-element elementor-element-230ab37\" data-id=\"230ab37\" data-element_type=\"column\">\n\t\t\t<div class=\"elementor-widget-wrap elementor-element-populated\">\n\t\t\t\t\t\t\t\t<div class=\"elementor-element elementor-element-da3b936 elementor-arrows-position-inside elementor-pagination-position-outside elementor-widget elementor-widget-image-carousel\" data-id=\"da3b936\" data-element_type=\"widget\" data-settings=\"{&quot;slides_to_show&quot;:&quot;1&quot;,&quot;navigation&quot;:&quot;both&quot;,&quot;autoplay&quot;:&quot;yes&quot;,&quot;pause_on_hover&quot;:&quot;yes&quot;,&quot;pause_on_interaction&quot;:&quot;yes&quot;,&quot;autoplay_speed&quot;:5000,&quot;infinite&quot;:&quot;yes&quot;,&quot;effect&quot;:&quot;slide&quot;,&quot;speed&quot;:500}\" data-widget_type=\"image-carousel.default\">\n\t\t\t\t<div class=\"elementor-widget-container\">\n\t\t\t<style>\/*! elementor - v3.11.3 - 07-03-2023 *\/\n.elementor-widget-image-carousel .swiper,.elementor-widget-image-carousel .swiper-container{position:static}.elementor-widget-image-carousel .swiper-container .swiper-slide figure,.elementor-widget-image-carousel .swiper .swiper-slide figure{line-height:inherit}.elementor-widget-image-carousel .swiper-slide{text-align:center}.elementor-image-carousel-wrapper:not(.swiper-container-initialized) .swiper-slide,.elementor-image-carousel-wrapper:not(.swiper-initialized) .swiper-slide{max-width:calc(100% \/ var(--e-image-carousel-slides-to-show, 3))}<\/style>\t\t<div class=\"elementor-image-carousel-wrapper swiper-container\" dir=\"ltr\">\n\t\t\t<div class=\"elementor-image-carousel swiper-wrapper\">\n\t\t\t\t\t\t\t\t<div class=\"swiper-slide\"><figure class=\"swiper-slide-inner\"><img decoding=\"async\" class=\"swiper-slide-image\" src=\"http:\/\/constant.univnt.ro\/wp-content\/uploads\/2023\/03\/cropped-sigla-1.png\" alt=\"cropped-sigla\" \/><\/figure><\/div><div class=\"swiper-slide\"><figure class=\"swiper-slide-inner\"><img decoding=\"async\" class=\"swiper-slide-image\" src=\"http:\/\/constant.univnt.ro\/wp-content\/uploads\/2023\/03\/11-24-scaled.jpg\" alt=\"11 (24)\" \/><\/figure><\/div><div class=\"swiper-slide\"><figure class=\"swiper-slide-inner\"><img decoding=\"async\" class=\"swiper-slide-image\" src=\"http:\/\/constant.univnt.ro\/wp-content\/uploads\/2023\/03\/1-92-scaled.jpg\" alt=\"1 (92)\" \/><\/figure><\/div><div class=\"swiper-slide\"><figure class=\"swiper-slide-inner\"><img decoding=\"async\" class=\"swiper-slide-image\" src=\"http:\/\/constant.univnt.ro\/wp-content\/uploads\/2022\/12\/alvaro-serrano-hjwKMkehBco-unsplash-1024x683-1.jpg\" alt=\"alvaro-serrano-hjwKMkehBco-unsplash-1024x683\" \/><\/figure><\/div><div class=\"swiper-slide\"><figure class=\"swiper-slide-inner\"><img decoding=\"async\" class=\"swiper-slide-image\" src=\"http:\/\/constant.univnt.ro\/wp-content\/uploads\/2023\/03\/1-101-scaled.jpg\" alt=\"1 (101)\" \/><\/figure><\/div>\t\t\t<\/div>\n\t\t\t\t\t\t\t\t\t\t\t\t<div class=\"swiper-pagination\"><\/div>\n\t\t\t\t\t\t\t\t\t\t\t\t\t<div class=\"elementor-swiper-button elementor-swiper-button-prev\">\n\t\t\t\t\t\t<i aria-hidden=\"true\" class=\"eicon-chevron-left\"><\/i>\t\t\t\t\t\t<span class=\"elementor-screen-only\">Previous<\/span>\n\t\t\t\t\t<\/div>\n\t\t\t\t\t<div class=\"elementor-swiper-button elementor-swiper-button-next\">\n\t\t\t\t\t\t<i aria-hidden=\"true\" class=\"eicon-chevron-right\"><\/i>\t\t\t\t\t\t<span class=\"elementor-screen-only\">Next<\/span>\n\t\t\t\t\t<\/div>\n\t\t\t\t\t\t\t\t\t<\/div>\n\t\t\t\t<\/div>\n\t\t\t\t<\/div>\n\t\t\t\t\t<\/div>\n\t\t<\/div>\n\t\t\t\t\t\t\t<\/div>\n\t\t<\/section>\n\t\t\t\t<section class=\"elementor-section elementor-top-section elementor-element elementor-element-379882d elementor-section-boxed elementor-section-height-default elementor-section-height-default\" data-id=\"379882d\" data-element_type=\"section\">\n\t\t\t\t\t\t<div class=\"elementor-container elementor-column-gap-default\">\n\t\t\t\t\t<div class=\"elementor-column elementor-col-100 elementor-top-column elementor-element elementor-element-2954786\" data-id=\"2954786\" data-element_type=\"column\">\n\t\t\t<div class=\"elementor-widget-wrap elementor-element-populated\">\n\t\t\t\t\t\t\t\t<div class=\"elementor-element elementor-element-84e80bb elementor-widget elementor-widget-text-editor\" data-id=\"84e80bb\" data-element_type=\"widget\" data-widget_type=\"text-editor.default\">\n\t\t\t\t<div class=\"elementor-widget-container\">\n\t\t\t<style>\/*! elementor - v3.11.3 - 07-03-2023 *\/\n.elementor-widget-text-editor.elementor-drop-cap-view-stacked .elementor-drop-cap{background-color:#818a91;color:#fff}.elementor-widget-text-editor.elementor-drop-cap-view-framed .elementor-drop-cap{color:#818a91;border:3px solid;background-color:transparent}.elementor-widget-text-editor:not(.elementor-drop-cap-view-default) .elementor-drop-cap{margin-top:8px}.elementor-widget-text-editor:not(.elementor-drop-cap-view-default) .elementor-drop-cap-letter{width:1em;height:1em}.elementor-widget-text-editor .elementor-drop-cap{float:left;text-align:center;line-height:1;font-size:50px}.elementor-widget-text-editor .elementor-drop-cap-letter{display:inline-block}<\/style>\t\t\t\t<p>Conferin\u0163a studen\u0163easc\u0103 anual\u0103 \u201eNicolae Titulescu\u201d &#8211; \u201e<strong>CONSTANT<\/strong>\u201d<br \/>\u00a0<\/p><p align=\"justify\">Anul 2011 reprezint\u0103, din perspectiva cercet\u0103rii \u015ftiin\u0163ifice a studen\u0163ilor \u015fi masteranzilor universit\u0103\u0163ii, debutul Conferin\u0163ei studen\u0163e\u015fti anuale \u201eNicolae Titulescu\u201d &#8211; \u201e<strong>CONSTANT<\/strong>\u201d, manifestare de profil cu caracter interna\u0163ional, organizat\u0103 de Universitatea \u201cNicolae Titulescu\u201d din Bucure\u015fti \u015fi Universitatea din Miskolc, Ungaria, \u00een parteneriat cu Funda\u0163ia de Drept \u015fi Rela\u0163ii Interna\u0163ionale \u201cNicolae Titulescu\u201d, Asociatia Studentilor Universitatii Nicolae Titulescu (ASUNT) \u015fi Editura Universit\u0103\u021bii \u201cNicolae Titulescu\u201d din Bucure\u015fti..<br \/><br \/>Incepand cu anul universitar 2017-2018, la conferin\u0163\u0103 se al\u0103tur\u0103 Universitatea &#8220;Angel Kancev&#8221; din Ruse.\u00a0<em><strong>CONSTANT<\/strong><\/em>\u00a0reprezint\u0103 o oportunitate pentru studen\u0163i \u015fi masteranzi de a elabora \u015fi prezenta studii \u00een domenii interdisciplinare ale \u015ftiin\u0163elor sociale (\u015ftiin\u0163e juridice, \u015ftiin\u0163e economice, \u015ftiin\u0163e ale administra\u0163iei publice, rela\u0163ii internationale, \u015ftiin\u0163e politice, studii europene), de a se integra \u00een societatea cunoa\u015fterii, caracterizat\u0103, printre altele, de nevoia unor asemenea manifest\u0103ri dedicate celor afla\u0163i la \u00eenceputul carierei profesionale.<\/p>\t\t\t\t\t\t<\/div>\n\t\t\t\t<\/div>\n\t\t\t\t<div class=\"elementor-element elementor-element-2426511 elementor-widget elementor-widget-toggle\" data-id=\"2426511\" data-element_type=\"widget\" data-widget_type=\"toggle.default\">\n\t\t\t\t<div class=\"elementor-widget-container\">\n\t\t\t<style>\/*! elementor - v3.11.3 - 07-03-2023 *\/\n.elementor-toggle{text-align:left}.elementor-toggle .elementor-tab-title{font-weight:700;line-height:1;margin:0;padding:15px;border-bottom:1px solid #d4d4d4;cursor:pointer;outline:none}.elementor-toggle .elementor-tab-title .elementor-toggle-icon{display:inline-block;width:1em}.elementor-toggle .elementor-tab-title .elementor-toggle-icon svg{-webkit-margin-start:-5px;margin-inline-start:-5px;width:1em;height:1em}.elementor-toggle .elementor-tab-title .elementor-toggle-icon.elementor-toggle-icon-right{float:right;text-align:right}.elementor-toggle .elementor-tab-title .elementor-toggle-icon.elementor-toggle-icon-left{float:left;text-align:left}.elementor-toggle .elementor-tab-title .elementor-toggle-icon .elementor-toggle-icon-closed{display:block}.elementor-toggle .elementor-tab-title .elementor-toggle-icon .elementor-toggle-icon-opened{display:none}.elementor-toggle .elementor-tab-title.elementor-active{border-bottom:none}.elementor-toggle .elementor-tab-title.elementor-active .elementor-toggle-icon-closed{display:none}.elementor-toggle .elementor-tab-title.elementor-active .elementor-toggle-icon-opened{display:block}.elementor-toggle .elementor-tab-content{padding:15px;border-bottom:1px solid #d4d4d4;display:none}@media (max-width:767px){.elementor-toggle .elementor-tab-title{padding:12px}.elementor-toggle .elementor-tab-content{padding:12px 10px}}.e-con-inner>.elementor-widget-toggle,.e-con>.elementor-widget-toggle{width:var(--container-widget-width);--flex-grow:var(--container-widget-flex-grow)}<\/style>\t\t<div class=\"elementor-toggle\" role=\"tablist\">\n\t\t\t\t\t\t\t<div class=\"elementor-toggle-item\">\n\t\t\t\t\t<div id=\"elementor-tab-title-3791\" class=\"elementor-tab-title\" data-tab=\"1\" role=\"tab\" aria-controls=\"elementor-tab-content-3791\" aria-expanded=\"false\">\n\t\t\t\t\t\t\t\t\t\t\t\t<span class=\"elementor-toggle-icon elementor-toggle-icon-left\" aria-hidden=\"true\">\n\t\t\t\t\t\t\t\t\t\t\t\t\t\t\t<span class=\"elementor-toggle-icon-closed\"><i class=\"fas fa-caret-right\"><\/i><\/span>\n\t\t\t\t\t\t\t\t<span class=\"elementor-toggle-icon-opened\"><i class=\"elementor-toggle-icon-opened fas fa-caret-up\"><\/i><\/span>\n\t\t\t\t\t\t\t\t\t\t\t\t\t<\/span>\n\t\t\t\t\t\t\t\t\t\t\t\t<a href=\"\" class=\"elementor-toggle-title\">Cite\u0219te mai mult....<\/a>\n\t\t\t\t\t<\/div>\n\n\t\t\t\t\t<div id=\"elementor-tab-content-3791\" class=\"elementor-tab-content elementor-clearfix\" data-tab=\"1\" role=\"tabpanel\" aria-labelledby=\"elementor-tab-title-3791\"><p style=\"text-align: justify;\">Obiectivul asumat al\u00a0<em><strong>CONSTANT<\/strong><\/em>\u00a0este de a \u00eencuraja tinerii cercet\u0103tori, de a le oferi posibilitatea s\u0103 publice propriile cercet\u0103ri. Acest deziderat este cu at\u00e2t mai important cu c\u00e2t organizatorii \u00een\u0163eleg necesitatea consolid\u0103rii rela\u0163iei fundamentale profesor-student, maestru-discipol, rela\u0163ie \u00een jurul c\u0103reia se cl\u0103de\u015fte mare parte a lumii universitare. Astfel, studentul, masterandul are nevoie de cunoa\u015fterea profesorului. \u00cen egal\u0103 m\u0103sur\u0103, cadrul didactic are nevoie (\u015fi este dator) s\u0103 ofere cunoa\u015ftere, s\u0103 ghideze t\u00e2n\u0103rul cercet\u0103tor \u00een studiul necesar \u00eentocmirii unei lucr\u0103ri \u015ftiin\u0163ifice.<br \/><br \/>Prin participarea la\u00a0<em><strong>CONSTANT<\/strong><\/em>, urmare a procesului de evaluare, studen\u0163ii \u015fi materanzii \u00eenregistra\u0163i au posibilitatea de a publica studiile elaborate \u00een volumul conferin\u0163ei,\u00a0<em>CONSTANT journal,<\/em>\u00a0publicat de Editura Universit\u0103\u0163ii \u201cNicolae Titulescu\u201d din Bucure\u015fti.<br \/><br \/><em><strong>CONSTANT<\/strong><\/em>\u00a0se desf\u0103\u015foar\u0103 \u00een limba rom\u00e2n\u0103 \u015fi englez\u0103 (contribu\u0163iile autorilor rom\u00e2ni vor fi redactate \u00een limba rom\u00e2n\u0103, cu abstract \u00een limba rom\u00e2n\u0103; contribu\u021biile autorilor str\u0103ini vor fi redactate \u00een limba englez\u0103, cu abstract \u00een limba englez\u0103).<\/p><\/div>\n\t\t\t\t<\/div>\n\t\t\t\t\t\t\t\t<\/div>\n\t\t\t\t<\/div>\n\t\t\t\t<\/div>\n\t\t\t\t\t<\/div>\n\t\t<\/div>\n\t\t\t\t\t\t\t<\/div>\n\t\t<\/section>\n\t\t\t\t\t\t\t<\/div>\n\t\t","protected":false},"excerpt":{"rendered":"<p>Previous Next Conferin\u0163a studen\u0163easc\u0103 anual\u0103 \u201eNicolae Titulescu\u201d &#8211; \u201eCONSTANT\u201d\u00a0 Anul 2011 reprezint\u0103, din perspectiva cercet\u0103rii \u015ftiin\u0163ifice a studen\u0163ilor \u015fi masteranzilor universit\u0103\u0163ii, debutul Conferin\u0163ei studen\u0163e\u015fti anuale \u201eNicolae Titulescu\u201d &#8211; \u201eCONSTANT\u201d, manifestare de profil cu caracter interna\u0163ional, organizat\u0103 de Universitatea \u201cNicolae Titulescu\u201d din Bucure\u015fti \u015fi Universitatea din Miskolc, Ungaria, \u00een parteneriat cu Funda\u0163ia de Drept \u015fi Rela\u0163ii [&hellip;]<\/p>\n","protected":false},"author":1,"featured_media":0,"parent":0,"menu_order":0,"comment_status":"closed","ping_status":"closed","template":"","meta":[],"yoast_head":"<!-- This site is optimized with the Yoast SEO plugin v20.2.1 - https:\/\/yoast.com\/wordpress\/plugins\/seo\/ -->\n<title>Acas\u0103 - CONSTANT - Conferin\u0163a studen\u0163easc\u0103 anual\u0103 &quot;Nicolae Titulescu&quot;<\/title>\n<meta name=\"robots\" content=\"noindex, follow, max-snippet:-1, max-image-preview:large, max-video-preview:-1\" \/>\n<meta property=\"og:locale\" content=\"en_US\" \/>\n<meta property=\"og:type\" content=\"article\" \/>\n<meta property=\"og:title\" content=\"Acas\u0103 - CONSTANT - Conferin\u0163a studen\u0163easc\u0103 anual\u0103 &quot;Nicolae Titulescu&quot;\" \/>\n<meta property=\"og:description\" content=\"Previous Next Conferin\u0163a studen\u0163easc\u0103 anual\u0103 \u201eNicolae Titulescu\u201d &#8211; \u201eCONSTANT\u201d\u00a0 Anul 2011 reprezint\u0103, din perspectiva cercet\u0103rii \u015ftiin\u0163ifice a studen\u0163ilor \u015fi masteranzilor universit\u0103\u0163ii, debutul Conferin\u0163ei studen\u0163e\u015fti anuale \u201eNicolae Titulescu\u201d &#8211; \u201eCONSTANT\u201d, manifestare de profil cu caracter interna\u0163ional, organizat\u0103 de Universitatea \u201cNicolae Titulescu\u201d din Bucure\u015fti \u015fi Universitatea din Miskolc, Ungaria, \u00een parteneriat cu Funda\u0163ia de Drept \u015fi Rela\u0163ii [&hellip;]\" \/>\n<meta property=\"og:url\" content=\"https:\/\/constant.univnt.ro\/\" \/>\n<meta property=\"og:site_name\" content=\"CONSTANT - Conferin\u0163a studen\u0163easc\u0103 anual\u0103 &quot;Nicolae Titulescu&quot;\" \/>\n<meta property=\"article:modified_time\" content=\"2023-04-28T06:05:53+00:00\" \/>\n<meta property=\"og:image\" content=\"http:\/\/constant.univnt.ro\/wp-content\/uploads\/2023\/03\/cropped-sigla-1.png\" \/>\n<meta name=\"twitter:card\" content=\"summary_large_image\" \/>\n<meta name=\"twitter:label1\" content=\"Est. reading time\" \/>\n\t<meta name=\"twitter:data1\" content=\"3 minutes\" \/>\n<script type=\"application\/ld+json\" class=\"yoast-schema-graph\">{\"@context\":\"https:\/\/schema.org\",\"@graph\":[{\"@type\":\"WebPage\",\"@id\":\"https:\/\/constant.univnt.ro\/\",\"url\":\"https:\/\/constant.univnt.ro\/\",\"name\":\"Acas\u0103 - CONSTANT - Conferin\u0163a studen\u0163easc\u0103 anual\u0103 &quot;Nicolae Titulescu&quot;\",\"isPartOf\":{\"@id\":\"http:\/\/constant.univnt.ro\/#website\"},\"datePublished\":\"2022-12-01T11:39:21+00:00\",\"dateModified\":\"2023-04-28T06:05:53+00:00\",\"breadcrumb\":{\"@id\":\"https:\/\/constant.univnt.ro\/#breadcrumb\"},\"inLanguage\":\"en-US\",\"potentialAction\":[{\"@type\":\"ReadAction\",\"target\":[\"https:\/\/constant.univnt.ro\/\"]}]},{\"@type\":\"BreadcrumbList\",\"@id\":\"https:\/\/constant.univnt.ro\/#breadcrumb\",\"itemListElement\":[{\"@type\":\"ListItem\",\"position\":1,\"name\":\"Acas\u0103\",\"item\":\"https:\/\/constant.univnt.ro\/\"},{\"@type\":\"ListItem\",\"position\":2,\"name\":\"Acas\u0103\"}]},{\"@type\":\"WebSite\",\"@id\":\"http:\/\/constant.univnt.ro\/#website\",\"url\":\"http:\/\/constant.univnt.ro\/\",\"name\":\"CONSTANT - Conferin\u0163a studen\u0163easc\u0103 anual\u0103 &quot;Nicolae Titulescu&quot;\",\"description\":\"Conferin\u0163a studen\u0163easc\u0103 anual\u0103 &quot;Nicolae Titulescu&quot; CONSTANT\",\"publisher\":{\"@id\":\"http:\/\/constant.univnt.ro\/#organization\"},\"potentialAction\":[{\"@type\":\"SearchAction\",\"target\":{\"@type\":\"EntryPoint\",\"urlTemplate\":\"http:\/\/constant.univnt.ro\/?s={search_term_string}\"},\"query-input\":\"required name=search_term_string\"}],\"inLanguage\":\"en-US\"},{\"@type\":\"Organization\",\"@id\":\"http:\/\/constant.univnt.ro\/#organization\",\"name\":\"CONSTANT - Conferin\u0163a studen\u0163easc\u0103 anual\u0103 &quot;Nicolae Titulescu&quot;\",\"url\":\"http:\/\/constant.univnt.ro\/\",\"logo\":{\"@type\":\"ImageObject\",\"inLanguage\":\"en-US\",\"@id\":\"http:\/\/constant.univnt.ro\/#\/schema\/logo\/image\/\",\"url\":\"http:\/\/constant.univnt.ro\/wp-content\/uploads\/2022\/12\/cropped-logo-univnt.png\",\"contentUrl\":\"http:\/\/constant.univnt.ro\/wp-content\/uploads\/2022\/12\/cropped-logo-univnt.png\",\"width\":190,\"height\":190,\"caption\":\"CONSTANT - Conferin\u0163a studen\u0163easc\u0103 anual\u0103 &quot;Nicolae Titulescu&quot;\"},\"image\":{\"@id\":\"http:\/\/constant.univnt.ro\/#\/schema\/logo\/image\/\"}}]}<\/script>\n<!-- \/ Yoast SEO plugin. -->","yoast_head_json":{"title":"Acas\u0103 - CONSTANT - Conferin\u0163a studen\u0163easc\u0103 anual\u0103 &quot;Nicolae Titulescu&quot;","robots":{"index":"noindex","follow":"follow","max-snippet":"max-snippet:-1","max-image-preview":"max-image-preview:large","max-video-preview":"max-video-preview:-1"},"og_locale":"en_US","og_type":"article","og_title":"Acas\u0103 - CONSTANT - Conferin\u0163a studen\u0163easc\u0103 anual\u0103 &quot;Nicolae Titulescu&quot;","og_description":"Previous Next Conferin\u0163a studen\u0163easc\u0103 anual\u0103 \u201eNicolae Titulescu\u201d &#8211; \u201eCONSTANT\u201d\u00a0 Anul 2011 reprezint\u0103, din perspectiva cercet\u0103rii \u015ftiin\u0163ifice a studen\u0163ilor \u015fi masteranzilor universit\u0103\u0163ii, debutul Conferin\u0163ei studen\u0163e\u015fti anuale \u201eNicolae Titulescu\u201d &#8211; \u201eCONSTANT\u201d, manifestare de profil cu caracter interna\u0163ional, organizat\u0103 de Universitatea \u201cNicolae Titulescu\u201d din Bucure\u015fti \u015fi Universitatea din Miskolc, Ungaria, \u00een parteneriat cu Funda\u0163ia de Drept \u015fi Rela\u0163ii [&hellip;]","og_url":"https:\/\/constant.univnt.ro\/","og_site_name":"CONSTANT - Conferin\u0163a studen\u0163easc\u0103 anual\u0103 &quot;Nicolae Titulescu&quot;","article_modified_time":"2023-04-28T06:05:53+00:00","og_image":[{"url":"http:\/\/constant.univnt.ro\/wp-content\/uploads\/2023\/03\/cropped-sigla-1.png"}],"twitter_card":"summary_large_image","twitter_misc":{"Est. reading time":"3 minutes"},"schema":{"@context":"https:\/\/schema.org","@graph":[{"@type":"WebPage","@id":"https:\/\/constant.univnt.ro\/","url":"https:\/\/constant.univnt.ro\/","name":"Acas\u0103 - CONSTANT - Conferin\u0163a studen\u0163easc\u0103 anual\u0103 &quot;Nicolae Titulescu&quot;","isPartOf":{"@id":"http:\/\/constant.univnt.ro\/#website"},"datePublished":"2022-12-01T11:39:21+00:00","dateModified":"2023-04-28T06:05:53+00:00","breadcrumb":{"@id":"https:\/\/constant.univnt.ro\/#breadcrumb"},"inLanguage":"en-US","potentialAction":[{"@type":"ReadAction","target":["https:\/\/constant.univnt.ro\/"]}]},{"@type":"BreadcrumbList","@id":"https:\/\/constant.univnt.ro\/#breadcrumb","itemListElement":[{"@type":"ListItem","position":1,"name":"Acas\u0103","item":"https:\/\/constant.univnt.ro\/"},{"@type":"ListItem","position":2,"name":"Acas\u0103"}]},{"@type":"WebSite","@id":"http:\/\/constant.univnt.ro\/#website","url":"http:\/\/constant.univnt.ro\/","name":"CONSTANT - Conferin\u0163a studen\u0163easc\u0103 anual\u0103 &quot;Nicolae Titulescu&quot;","description":"Conferin\u0163a studen\u0163easc\u0103 anual\u0103 &quot;Nicolae Titulescu&quot; CONSTANT","publisher":{"@id":"http:\/\/constant.univnt.ro\/#organization"},"potentialAction":[{"@type":"SearchAction","target":{"@type":"EntryPoint","urlTemplate":"http:\/\/constant.univnt.ro\/?s={search_term_string}"},"query-input":"required name=search_term_string"}],"inLanguage":"en-US"},{"@type":"Organization","@id":"http:\/\/constant.univnt.ro\/#organization","name":"CONSTANT - Conferin\u0163a studen\u0163easc\u0103 anual\u0103 &quot;Nicolae Titulescu&quot;","url":"http:\/\/constant.univnt.ro\/","logo":{"@type":"ImageObject","inLanguage":"en-US","@id":"http:\/\/constant.univnt.ro\/#\/schema\/logo\/image\/","url":"http:\/\/constant.univnt.ro\/wp-content\/uploads\/2022\/12\/cropped-logo-univnt.png","contentUrl":"http:\/\/constant.univnt.ro\/wp-content\/uploads\/2022\/12\/cropped-logo-univnt.png","width":190,"height":190,"caption":"CONSTANT - Conferin\u0163a studen\u0163easc\u0103 anual\u0103 &quot;Nicolae Titulescu&quot;"},"image":{"@id":"http:\/\/constant.univnt.ro\/#\/schema\/logo\/image\/"}}]}},"_links":{"self":[{"href":"http:\/\/constant.univnt.ro\/index.php\/wp-json\/wp\/v2\/pages\/11"}],"collection":[{"href":"http:\/\/constant.univnt.ro\/index.php\/wp-json\/wp\/v2\/pages"}],"about":[{"href":"http:\/\/constant.univnt.ro\/index.php\/wp-json\/wp\/v2\/types\/page"}],"author":[{"embeddable":true,"href":"http:\/\/constant.univnt.ro\/index.php\/wp-json\/wp\/v2\/users\/1"}],"replies":[{"embeddable":true,"href":"http:\/\/constant.univnt.ro\/index.php\/wp-json\/wp\/v2\/comments?post=11"}],"version-history":[{"count":44,"href":"http:\/\/constant.univnt.ro\/index.php\/wp-json\/wp\/v2\/pages\/11\/revisions"}],"predecessor-version":[{"id":1685,"href":"http:\/\/constant.univnt.ro\/index.php\/wp-json\/wp\/v2\/pages\/11\/revisions\/1685"}],"wp:attachment":[{"href":"http:\/\/constant.univnt.ro\/index.php\/wp-json\/wp\/v2\/media?parent=11"}],"curies":[{"name":"wp","href":"https:\/\/api.w.org\/{rel}","templated":true}]}}